he highest common divisor of a and 16?
16
Suppose -3*x = 319 - 397. What is the greatest common divisor of x and 26?
26
Suppose -2*n = -6*y + y + 96, 4*y - 70 = 5*n. Let q be 1/(42/y + -2). Calculate the greatest common factor of q and 30.
10
Let r = -102 + 118. What is the highest common factor of r and 368?
16
Let b(g) = -28*g + 33. Let x be b(1). Let r = -147 - -77. Let n be (-1 - -2)*r/(-2). Calculate the greatest common factor of n and x.
5
Let d be 10/(-1 + 2 + 0). Let y be (-2)/(-15) + (-446)/(-30). Suppose 8*m = 9*m - y. Calculate the greatest common factor of d and m.
5
Suppose -216 = -3*g + 3*o, -o - 206 - 70 = -4*g. What is the greatest common factor of 51 and g?
17
Suppose -r - 2*t + 22 = 0, -4*r - t + 5*t + 100 = 0. What is the greatest common divisor of 48 and r?
24
Suppose 0 = -4*o + 79 + 109. Calculate the highest common factor of 376 and o.
47
Let g be ((-20)/(-3))/((-17)/(-1632)). What is the greatest common factor of 64 and g?
64
Let j be 6 - ((-4)/(-10) + (-91)/(-35)). Let n be 11/(-2)*54/(-9). What is the greatest common factor of n and j?
3
Let y(d) = d**2 - d + 30. Let o be y(0). Suppose 49 = 3*i - 5*f + f, 5*i - 87 = 4*f. Suppose -i*j = -122 - 163. Calculate the greatest common factor of j and o.
15
Suppose -5*p = -10*p + 20. Suppose -p*n + 36 = -n. Suppose -k + 4 = -104. Calculate the greatest common factor of k and n.
12
Let r = -80 + 90. Calculate the greatest common divisor of r and 130.
10
Let n be 5/3 - 8/(-24). Suppose 5*j + 2*j = 7. What is the greatest common factor of j and n?
1
Let a = 1823 + -1664. Calculate the highest common factor of a and 53.
53
Let u = -97 - -232. Let t = u + -96. Calculate the greatest common divisor of 273 and t.
39
Suppose 0 = -11*t - 264 + 957. Let g = t - -69. Calculate the highest common factor of g and 12.
12
Let q(c) = -c**3 + 7*c**2 - 3*c + 6. Let z be q(6). Suppose 0 = -k - 3*k - 720. Let d = -120 - k. Calculate the greatest common divisor of z and d.
12
Let c(q) = -8*q**2 + 82*q + 3. Let j be c(9). Calculate the greatest common factor of 930 and j.
93
Let c(s) = -s**2 + s + 9. Let x(f) = f**2 + 11*f + 13. Let w be x(-10). Let i be c(w). What is the highest common factor of i and 51?
3
Let s be -3*(8/(-6))/1. Suppose s*x - 52 - 1 = -q, 3*q - 16 = -x. Let i be 13/2*(-6)/(-3). Calculate the greatest common factor of i and x.
13
Suppose 154 = -3*b + 5*b. Let n = 55 + -11. Suppose 0*x = 3*x + 5*q - 33, 4*x = 4*q + n. What is the highest common factor of x and b?
11
Let h(w) = 4*w**3 - 18*w**2 + 8*w - 8. Let q be h(5). What is the greatest common divisor of 246 and q?
82
Suppose -w - 11 = -3*b, -3 - 1 = -b. Let g be w*(3 - 246/2). Let m = g - -216. What is the greatest common divisor of m and 24?
24
Suppose -x + 28 = x. Let u(k) = k**2 - 19*k - 440. Let l be u(34). Calculate the highest common divisor of x and l.
14
Suppose 5*y + 5*p = 3 + 87, 3*y = 3*p + 54. Let v be (-27)/y*(-46)/3*8. Calculate the highest common divisor of 23 and v.
23
Suppose 3*r - 48 = 53*d - 52*d, -d - 64 = -4*r. What is the greatest common factor of 464 and r?
16
Suppose 4*l - 15 = 13. Suppose -l + 3 = -j. Suppose -12 = -j*p, 3*p - 234 = -2*g + 9. What is the greatest common factor of 13 and g?
13
Let w be -2 + (-5)/(-5) + 793. Suppose -4*t - 2*t + w = 0. Let h(l) = 3*l - 12. Let i be h(8). What is the highest common divisor of t and i?
12
Let h = -41 + 41. Suppose -b + 2*n + 6 = 1, h = 4*b + 5*n - 85. What is the highest common factor of b and 3?
3
Let s(u) = 17*u + 2. Let n be s(-3). Let v = -30 - n. What is the greatest common divisor of 76 and v?
19
Suppose 0 = -17*y + 4*y + 468. Suppose 2*i + 1 = 7. Let b be (-24)/(-3)*i/6. Calculate the greatest common factor of y and b.
4
Let w(p) = p**2 + 10*p + 8. Let a be w(-11). Let f = -15 + a. Suppose u = f*u - 435. Calculate the greatest common factor of u and 29.
29
Suppose 3*z - 5*t = 15, 5*z = t + 4*t + 25. Calculate the highest common factor of 10 and z.
5
Suppose 0 = f + 3*o + 1 + 35, -3*f = 4*o + 88. Let i = f + 36. Suppose 0 = 2*x + 5*c - 9, 60 = -0*x + 4*x - 4*c. What is the greatest common divisor of i and x?
12
Let d = 120 + -76. Calculate the greatest common factor of 8 and d.
4
Let y = 691 - 71. What is the highest common factor of 20 and y?
20
Suppose 0*y + 62 = -2*y + t, -4*y - 112 = t. Let u = y + 34. Suppose -3*x + 39 = 3*m, 0 = m - u - 0. Calculate the greatest common factor of x and 64.
8
Let r(u) = -u**3 + 4*u**2 + 1. Let v be r(2). Let y = 179 + -188. Let i be (3/y)/(26/(-6) + 4). What is the highest common divisor of i and v?
1
Let b = -25 + 35. Let u = 77 + 133. Suppose -327*h + 330*h = u. Calculate the greatest common divisor of h and b.
10
Let i be -1 + (2 - 1) + 60. Let f(p) = 2*p - 12. Let c be f(6). Suppose -r = -c*r - 12. Calculate the greatest common factor of i and r.
12
Let j(l) = -l**3 - 3*l**2 + 2*l - 16. Let z be j(-5). Calculate the greatest common factor of 16 and z.
8
Let m be (110 - -2)*42/147. What is the highest common factor of 56 and m?
8
Let u be 1/3 + 580/87. What is the greatest common divisor of u and 63?
7
Suppose -6*d + d - 115 = -3*f, 0 = 3*f - 4*d - 113. Calculate the greatest common factor of 1295 and f.
35
Suppose r - 6 = -2*r. Suppose -r + 4 = g. Let d = 4 - g. Calculate the highest common factor of 4 and d.
2
Let h = 73 - 10. Suppose -3*g = 5*z - 96, 4*g + 4 - 13 = -z. What is the greatest common divisor of h and z?
21
Let d = -21 + 60. Suppose 0 = -3*w + 2*w + 65. Calculate the highest common divisor of d and w.
13
Suppose 0 = 4*n, -5*m + 7*m - 360 = 5*n. What is the greatest common divisor of m and 5?
5
Let r = -5 + -9. Let w be (-7)/r*1*164. Suppose 3*k - w = -t, 4*t = 5*t - 4*k - 96. Calculate the highest common divisor of 8 and t.
8
Let k = -1662 + 1694. Suppose -4*y + 80 = y - 2*c, 48 = 3*y - 2*c. What is the greatest common divisor of y and k?
16
Let s(o) = o**2 - 22*o - 226. Let w be s(34). What is the greatest common factor of 112 and w?
14
Let u(i) = 239*i**2 - 1. Suppose 13*p = -10 - 3. Let o be u(p). Calculate the greatest common divisor of 34 and o.
34
Suppose -4*c + 3 = 2*r + 5, 3*c = 4*r - 18. Let x be r/(2*3/8). What is the greatest common factor of x and 20?
4
Let b(r) = -r**3 + 7*r**2 - 5*r - 4. Let t be b(6). Let w = -10 - -6. Let f be (1 - 16/w) + 1. Calculate the highest common divisor of t and f.
2
Let i(p) = 9*p. Let u be i(0). Suppose -4*m = -2*t - u*t - 66, 3*m - 5*t = 67. What is the greatest common divisor of 56 and m?
14
Suppose 0 = 5*c - 0 + 5. Let h be (2 - 1)/(c/(-37)). Calculate the highest common divisor of 111 and h.
37
Suppose -3*u - 17 = 5*v, 0 = -u + 7*v - 8*v - 3. Calculate the greatest common divisor of 25 and u.
1
Let s = 9 - -34. Calculate the greatest common divisor of s and 172.
43
Let j be 3 + 1 + 22 + -6. Suppose -9*c + j = -5*c. Calculate the greatest common divisor of 25 and c.
5
Let n be (-63)/(5*1/(-5)). What is the greatest common divisor of 525 and n?
21
Let x = -49 + 56. Let l be (-2)/x + 254/7. Calculate the highest common divisor of 54 and l.
18
Let d(c) = 8*c + 126. Let f be d(-7). Let w(k) = -k**3 + 6*k**2 + 9*k - 4. Let p be w(7). What is the highest common divisor of f and p?
10
Let h = -552 - -582. What is the highest common divisor of 12 and h?
6
Suppose 0 = -3*s + 10 + 11. Suppose -3*r - 51 = -57. Suppose 26 = r*w - 3*v, v = -3*w + 9 + 8. Calculate the highest common factor of s and w.
7
Let l = -9 + 22. Let d(y) = 4*y - 3. Let a be d(l). Calculate the greatest common divisor of a and 14.
7
Suppose 229 = -3*v + 5*n, -4*v - 2*n - 350 + 62 = 0. Let p = v - -137. Calculate the greatest common factor of p and 4.
4
Let z = 1329 + -1325. What is the greatest common factor of 172 and z?
4
Let t(z) = -169*z - 9. Let v be t(-4). Suppose 2*o + 69 - v = 0. Let a = o + -129. Calculate the highest common factor of 68 and a.
34
Suppose 5814*c - 5789*c - 1250 = 0. Let n be 304/10 - (-4)/(-10). What is the greatest common factor of c and n?
10
Let z be (7 + -4)/(-1) + 109. Calculate the highest common divisor of z and 4.
2
Let p(v) = 18*v**2 + 11*v + 18. Let w be p(-2). What is the highest common divisor of w and 85?
17
Suppose -22148 = 3*u - 10*u. Let q be (8/(-6))/(6 + u/(-525)). Calculate the greatest common divisor of q and 250.
50
Suppose -225 = -6*a + a